2) - ((-64)/88)/c. Suppose o + w = 5*g, -3*g = 2*o - 108 - 110. Is g composite?
True
Let r(o) = o**2 + 15*o - 44. Let k be r(-20). Let n = -56 + k. Suppose -6567 = -q - 4*u, 0 = 5*q - 4*u - n*u - 32787. Is q a prime number?
False
Let o = -44 + 47. Let b(r) = -6 - o + 19 + 143*r + 64*r. Is b(3) a prime number?
True
Suppose 0 = 2*m + 5*g - 71971 - 4434, -3*g = -m + 38230. Is m composite?
True
Suppose 3*k - 3*p - 210 = 876, -k - 4*p = -362. Let h = -208 + k. Suppose 5*o = -h + 1479. Is o prime?
False
Let h = -42334 - -84818. Suppose -3*g = z - 2 + 6, -3*z - 2 = -g. Is h/18 + g - 108/486 composite?
True
Let m = 256 + -251. Suppose 77216 = m*k + 1551. Is k composite?
True
Suppose 3*a - 54 = -4*t, a + t + 2*t = 13. Let m = a - 20. Is -4996*(-5)/40*m prime?
True
Let h = -400 + 402. Suppose h*q - 7554 = -9*x + 4*x, 0 = 3*q + x - 11357. Is q prime?
False
Let g(s) = 7*s + 13. Let q be g(8). Suppose q*z - 292444 + 77233 = 0. Is z a composite number?
False
Let s be (8/(-24))/(2/12). Let k be s/(-6) + (-91)/21. Is (-4)/k*(0 + 1171) a composite number?
False
Let a = -61 + 59. Let h be 14*((-21)/6 + 3). Is (1*(-12481)/h)/((-2)/a) a composite number?
False
Let a be 11 + -5 + 2 + -2. Is (54564/8)/(a/4) a composite number?
False
Let l be (-9)/((-594)/12) + 150/22. Suppose 32807 + 1626 = l*g. Is g a composite number?
False
Let z be ((630/(-40))/21)/(2/16). Is 4/(-2) - (1 - -31577)/z composite?
False
Suppose -x = 2*d - 1596, -5*d + d + 3188 = 3*x. Suppose g + 2358 = 7*g. Let n = d - g. Is n composite?
True
Let r = 52 + -52. Suppose 4*v + 4*k - 42508 = r, -5*v + 53135 = -13*k + 10*k. Is v prime?
True
Let y(z) = 1987*z**2 - 41*z + 85. Let o be y(-24). Suppose -10*f + 51*f = o. Is f a composite number?
False
Suppose 216334 = 18*x + 86482. Is x prime?
False
Suppose -r - 363 = m, -m - 4*r + 39 - 390 = 0. Let k = -1541 - m. Let w = -252 - k. Is w composite?
True
Let t = 151357 + -95856. Is t a prime number?
True
Let q(z) = 57839*z + 72. Is q(7) composite?
True
Let g(v) = 566*v**2 - 93*v + 742. Is g(9) composite?
False
Let k(n) = -2*n**2 - 10*n - 2. Let y be k(-5). Is y/(-3) + 2078/6 a composite number?
False
Let n(g) = -9*g - 3354*g**2 - 4*g**3 - 49 + 5*g**3 + 3368*g**2. Is n(-9) composite?
True
Suppose -4*f + o + 70 = -4*o, 19 = f - 2*o. Let i be (1488/15)/(3/f). Let p = 819 - i. Is p a prime number?
False
Let o(m) = 18072*m**2 - 715*m + 14. Is o(-5) prime?
False
Let m be (-10)/6 - 100/(-60). Suppose -1 = d, 4*i - 2*d - 938 = -m*i. Let q = i + -147. Is q prime?
False
Let f = -186 - -317. Suppose 0 = -2*m + m + f. Suppose -z = -m - 26. Is z a composite number?
False
Let l(y) = -y**3 + y. Let j(i) = 4*i**3 - 16*i**2 + 7*i + 21. Let m be (0 - -3) + -6 + 0. Let s(d) = m*l(d) - j(d). Is s(10) prime?
True
Suppose 0 = 3*a - 4*z - 156613, 7*a - 5*z - 261015 = 2*a. Is a prime?
False
Suppose -214*k + 208081 = -210*k - 3*m, 4*m = -4*k + 208088. Is k prime?
True
Let b = 51323 - 11450. Is b a prime number?
False
Let t(d) = 177273*d + 721. Is t(2) composite?
True
Let h(q) be the third derivative of 23*q**2 + 0 + 0*q - 1/6*q**3 + 1/60*q**5 + 0*q**4 + 919/120*q**6. Is h(1) composite?
False
Is -8727*((-80)/24 + 3)*(-119)/(-7) a composite number?
True
Let p be ((-1)/(2/(-16)))/2. Suppose 5*m - p*q - 213 = 0, 23 + 57 = 2*m + q. Let x = m + -22. Is x a composite number?
False
Let k = 184355 - 129526. Is k prime?
True
Let y(g) = 785*g**2 + 31*g + 7. Is y(9) composite?
True
Suppose 5*q - 286 - 1 = -3*o, -5*o - 35 = -q. Let h be -3*1*q/(-15). Suppose -h*j + 2982 = -5*j. Is j composite?
True
Suppose -78 = 3*n - 87. Suppose n*h - 984 = 327. Is h a prime number?
False
Suppose 4*t = 3*m + 3 - 22, 3*t = -4*m - 33. Let c(j) = 108*j**2 + 3*j + 8. Let y be c(-6). Is y/m*-1*(-3)/(-2) composite?
True
Let d(u) = u**2 + 4*u + 9. Let b(c) = -c**3 - 4*c**2 + 3*c. Let f be b(1). Let n be d(f). Suppose -n*q = 62 - 472. Is q prime?
False
Suppose 3*x + 5*j - 30855 = 225373, 0 = -2*x + j + 170823. Is x a prime number?
True
Is (108/9 - -2822443)/((-30)/(-12)) a prime number?
False
Is ((-2477)/2)/(-14*(-23)/(-644)) prime?
True
Suppose 0 = 43*f - 20466400 + 2719569. Is f a composite number?
False
Let v(m) = 13*m**2 + 7*m - 3. Let d(b) = -26*b**2 - 15*b + 6. Let c = 38 - 32. Let r(x) = c*d(x) + 13*v(x). Is r(2) prime?
False
Let d(t) = -37*t**2 + 28*t + 22. Let m(j) = 36*j**2 - 28*j - 22. Let c(b) = 3*d(b) + 4*m(b). Is c(-13) a composite number?
True
Let a(q) = 6*q + 5086. Let j be a(0). Suppose 5*t = 20861 - j. Is t prime?
False
Let d = 541 - -1942. Is d a composite number?
True
Suppose -245273 - 1296276 = -2*q - 3*w, -2*q = -5*w - 1541509. Is q a composite number?
False
Let x = -181 + -221. Let b = x - -2239. Is b prime?
False
Suppose -86*c - 4*z = -87*c + 171515, 8*z = c - 171503. Is c a composite number?
True
Suppose -3*r - 9 = -2*m, 5*m - 5*r - 8 - 17 = 0. Let c = m - 129. Let g = 1582 + c. Is g prime?
True
Let r = 73031 - -25488. Is r composite?
False
Let j(y) = -377*y**3 + 10*y**2 + 90*y + 335. Is j(-4) a composite number?
True
Let f be 240/(-36)*6/(-8). Suppose r - 117145 = -f*b - 3*r, b - 23429 = -r. Is b prime?
False
Suppose 8*c - 3*c - 38732 = -4*z, 0 = -3*z - 2*c + 29049. Is z a prime number?
False
Let d be 1/(753/375 + 0 + -2). Suppose -143 = -2*z + d. Suppose y + y = z. Is y prime?
True
Let m = 92 - -1588. Let h = m - -1297. Is h prime?
False
Suppose -l - 135 = -6*l. Suppose -13 = -2*m + l. Is 201*(m/6)/2 composite?
True
Suppose -6*c + 122409 = 3*b - c, -4*c - 24 = 0. Is b a composite number?
False
Let i = -78 - -1818. Suppose -i = -6*k + 4914. Is k prime?
True
Is 623908/3*135/18 + 134 + -131 prime?
True
Suppose -434426 = -5*k + k - 6*u, 0 = -5*k + 3*u + 543106. Is k a prime number?
False
Let k(a) = -881*a + 7. Let z be k(2). Is -5 - -2 - (z/3 + -1) a composite number?
True
Suppose -3 - 17 = -4*o. Let y(w) = w**3 + 3*w**2 - w - 1. Let m be y(o). Suppose -b = 0, -2*h - b + m = 3*b. Is h composite?
False
Let i(w) = -3*w**2 + w - 1. Let l(v) = 35*v**2 - 3*v + 38. Let g(r) = 3*i(r) + l(r). Is g(12) a prime number?
True
Suppose -5*i + 3283028 = 5*t + 600803, -2*t - 2682267 = -5*i. Is i a composite number?
True
Suppose 57*c + 22*c + 94498054 - 309608023 = 0. Is c a composite number?
True
Suppose 0 = g + 2, o + 3*g - 57008 = -5883. Is o a prime number?
True
Let n = 5601496 + -3034999. Is n composite?
True
Suppose -2*m = -3*t + 1275095, 0 = -3*t - 6*m + 227898 + 1047213. Is t a composite number?
True
Suppose -5*h = -5*u - 23 - 7, 0 = 4*h - 2*u - 20. Suppose -87351 = -g - 4*g - h*v, 2*g = -5*v + 34954. Is g prime?
True
Is 1638/(-238) + (-2)/17 + 12284 a prime number?
True
Let f be 3/(-12)*3/(-27)*0. Suppose 0*w + 803 = 3*w - 4*q, 2*w - 5*q - 540 = f. Is w composite?
True
Let p be (-108)/702 + (1 - (-15)/13). Suppose p*x - 3329 = 4469. Is x a prime number?
False
Suppose 4*a = 21*a - 31977. Let f = 3574 - a. Is f a prime number?
True
Let b(s) = 31*s**3 + s - 2. Let q be b(1). Suppose -k - q = -29. Let i(g) = 782*g**2 - 4*g - 5. Is i(k) a prime number?
False
Let g be (72/(-24))/((-1)/(-4385)). Let f = 18989 + g. Is f a prime number?
False
Suppose 16*x - 2810 - 43494 = 0. Suppose 5*d = 2*c + 10153 + x, 7813 = 3*d - 5*c. Is d composite?
True
Suppose 4*k = 7*k + h + 23, 5*k = 3*h - 57. Let z(l) = 58*l**2 + 38*l + 29. Is z(k) prime?
False
Let k = -778 + 1631. Suppose 3*u - u + 4*a = 1706, -a = -u + k. Is u composite?
False
Let z = -15139 + 38598. Is z prime?
True
Suppose 98*x + 132*x = 240*x - 2345050. Is x a prime number?
False
Suppose j = -53*c + 55*c + 147, c - 2*j + 78 = 0. Is (63/7)/c*-323096 a prime number?
True
Suppose -3*f + 2328 = 63. Suppose 15913 = 22*k + f. Is k a composite number?
True
Let p be 8/((4/3)/((-20)/(-30))). Suppose p*v - 1400 = -12628. Let n = -1770 - v. Is n a composite number?
True
Suppose 2*a + 2*f - 5*f - 1137233 = 0, 6*a - 5*f - 3411679 = 0. Is a a prime number?
True
Let m(z) = 999*z**2 - 19*z + 29. Is m(13) composite?
True
Let g(u) = 35546*u**3 + u**2 - u - 1. Suppose -4*v = -2*r + 22, 19*r = 16*r + 5*v + 28. Is g(r) a composite number?
True
Let n be 1/3*0/(-19). Suppose -l + 2*l - 331 = n. Is l prime?
True
Suppose 3*d - 7358 = 2*m + 2131, -2*d + 6326 = 5*m. Is d prime?
True
Let r = -203 + 205. Suppose 3*z = r*y + 1051, -21*z - 5*y - 719 = -23*z. Is z composite?
False
Suppose 295*